{"id":427,"date":"2020-09-16T11:42:13","date_gmt":"2020-09-16T09:42:13","guid":{"rendered":"https:\/\/www.wipmed.de\/?page_id=427"},"modified":"2021-06-04T07:21:10","modified_gmt":"2021-06-04T05:21:10","slug":"medizinische-gesichtsmaske-typ-iir","status":"publish","type":"page","link":"https:\/\/www.wipmed.de\/?page_id=427","title":{"rendered":"Typ IIR"},"content":{"rendered":"\n<h1>Medizinische Gesichtsmaske Typ IIR<\/h1>\n\n\n\n<div style=\"height:29px\" aria-hidden=\"true\" class=\"wp-block-spacer\"><\/div>\n\n\n\n<div class=\"wp-block-group\"><div class=\"wp-block-group__inner-container\">\n<figure class=\"wp-block-table aligncenter is-style-stripes\"><table><tbody><tr><td><strong>Artikelnummer<\/strong><\/td><td><\/td><td>PHB_2020_V1<\/td><td><\/td><td><\/td><\/tr><tr><td><strong>Preis<\/strong><\/td><td><\/td><td><a href=\"https:\/\/www.wipmed.de\/?page_id=480\" data-type=\"URL\" data-id=\"https:\/\/www.wipmed.de\/?page_id=480\">auf Anfrage<\/a><\/td><td><\/td><td><\/td><\/tr><tr><td><strong>Artikelbeschreibung<\/strong><\/td><td><\/td><td>dreilagig<br>Frontvlies \u2013 blau f\u00fcr bessere Unterscheidbarkeit (PP)<br>Zwischenvlies \u2013 Meltblown (PP)<br>Innenvlies \u2013 weich f\u00fcr bessere Hautvertr\u00e4glichkeit (PP)<br>anpassbarer Nasenb\u00fcgel<br>elastische Ohrenb\u00e4nder (latex- und glasfaserfrei)<\/td><td><\/td><td><\/td><\/tr><tr><td><strong>Zertifikation<\/strong><\/td><td><\/td><td>CE-Konformit\u00e4tserkl\u00e4rung &#8211; CE<sub>MD<\/sub> nach Anhang VIII MDR Klasse 1<br>Erf\u00fcllt harmonisierte Norm DIN EN 14683:2019 <\/td><td><\/td><td><\/td><\/tr><tr><td><strong>Bakterielle Filterleistung<br>(BFE)<\/strong><\/td><td><\/td><td>\u2265 98%<\/td><td><\/td><td><\/td><\/tr><tr><td><strong>Atemwiderstand<br>(Pa\/cm\u00b2)<\/strong><\/td><td><\/td><td>&lt; 60<\/td><td><\/td><td><\/td><\/tr><tr><td><strong>Mikrobiologische Reinheit (KBE\/g)<\/strong><\/td><td><\/td><td>\u2264 30<\/td><td><\/td><td><\/td><\/tr><tr><td><strong>Druck des Spritzwiderstandes (kPa)<\/strong><\/td><td><\/td><td>\u2265 16<\/td><td><\/td><td><\/td><\/tr><tr><td><strong>Produktionsst\u00e4tte<\/strong><\/td><td><\/td><td>Deutschland (in Ohorn)<\/td><td><\/td><td><\/td><\/tr><tr><td><strong>Materialbeschaffung in<\/strong><\/td><td><\/td><td>Deutschland<\/td><td><\/td><td><\/td><\/tr><tr><td><strong>Lieferung ab<\/strong><\/td><td><\/td><td>ab sofort<\/td><td><\/td><td><\/td><\/tr><tr><td><strong>Lieferdetails<\/strong><\/td><td><\/td><td>Spenderkarton 50 Masken<br>Umkarton 2000 Masken (40 Spenderkartons)<br>Palette 32.000 Masken (16 Umkartons)<\/td><td><\/td><td><\/td><\/tr><tr><td><strong>Versanddetails<\/strong><\/td><td><\/td><td>ab einer Palette versandfrei<br>bis zu einer Palette zzgl. Versand<\/td><td><\/td><td><\/td><\/tr><\/tbody><\/table><figcaption><br><\/figcaption><\/figure>\n<\/div><\/div>\n\n\n\n<div class=\"wp-block-group\"><div class=\"wp-block-group__inner-container\">\n<div class=\"wp-block-columns are-vertically-aligned-center\">\n<div class=\"wp-block-column is-vertically-aligned-center\">\n<div class=\"wp-block-file aligncenter\"><a href=\"https:\/\/www.wipmed.de\/wp-content\/uploads\/2020\/10\/Konformitaetserklaerung_PHB_2020_V1_Med-Ges.Maske-Typ-IIR.pdf\">Konformit\u00e4tserkl\u00e4rung<\/a><a href=\"https:\/\/www.wipmed.de\/wp-content\/uploads\/2020\/10\/Konformitaetserklaerung_PHB_2020_V1_Med-Ges.Maske-Typ-IIR.pdf\" class=\"wp-block-file__button\" download>Herunterladen<\/a><\/div>\n<\/div>\n\n\n\n<div class=\"wp-block-column is-vertically-aligned-center\">\n<div class=\"wp-block-file aligncenter\"><a href=\"https:\/\/www.wipmed.de\/wp-content\/uploads\/2020\/10\/Technisches-Datenblatt_PHB_2020_V1_Medizinische-Gesichtsmaske-Typ-IIR.pdf\">Datenblatt<\/a><a href=\"https:\/\/www.wipmed.de\/wp-content\/uploads\/2020\/10\/Technisches-Datenblatt_PHB_2020_V1_Medizinische-Gesichtsmaske-Typ-IIR.pdf\" class=\"wp-block-file__button\" download>Herunterladen<\/a><\/div>\n<\/div>\n\n\n\n<div class=\"wp-block-column is-vertically-aligned-center\">\n<div class=\"wp-block-file aligncenter\"><a href=\"https:\/\/www.wipmed.de\/wp-content\/uploads\/2020\/10\/Bestellformular.pdf\">Bestellformular<\/a><a href=\"https:\/\/www.wipmed.de\/wp-content\/uploads\/2020\/10\/Bestellformular.pdf\" class=\"wp-block-file__button\" download>Herunterladen<\/a><\/div>\n<\/div>\n<\/div>\n<\/div><\/div>\n\n\n\n<p><em>Bei Bestellanfragen f\u00fcllen Sie bitte das Bestellformular aus und senden es uns per E-Mail oder Fax zu, sodass wir Ihnen ein Angebot zukommen lassen k\u00f6nnen. Bitte achten Sie auf die Vollst\u00e4ndigkeit des Formulars, damit wir Ihre Bestellanfrage bestm\u00f6glich bearbeiten k\u00f6nnen. Bei Fragen k\u00f6nnen Sie uns ebenfalls \u00fcber die aufgef\u00fchrten Kontaktdaten erreichen.<\/em><\/p>\n","protected":false},"excerpt":{"rendered":"<p>Medizinische Gesichtsmaske Typ IIR Bei Bestellanfragen f\u00fcllen Sie bitte das Bestellformular aus und senden es uns per E-Mail oder Fax zu, sodass wir Ihnen ein Angebot zukommen lassen k\u00f6nnen. Bitte achten Sie auf die Vollst\u00e4ndigkeit des Formulars, damit wir Ihre Bestellanfrage bestm\u00f6glich bearbeiten k\u00f6nnen. Bei Fragen k\u00f6nnen Sie uns ebenfalls \u00fcber die aufgef\u00fchrten Kontaktdaten erreichen.<\/p>\n","protected":false},"author":1,"featured_media":0,"parent":0,"menu_order":0,"comment_status":"closed","ping_status":"closed","template":"","meta":[],"_links":{"self":[{"href":"https:\/\/www.wipmed.de\/index.php?rest_route=\/wp\/v2\/pages\/427"}],"collection":[{"href":"https:\/\/www.wipmed.de\/index.php?rest_route=\/wp\/v2\/pages"}],"about":[{"href":"https:\/\/www.wipmed.de\/index.php?rest_route=\/wp\/v2\/types\/page"}],"author":[{"embeddable":true,"href":"https:\/\/www.wipmed.de\/index.php?rest_route=\/wp\/v2\/users\/1"}],"replies":[{"embeddable":true,"href":"https:\/\/www.wipmed.de\/index.php?rest_route=%2Fwp%2Fv2%2Fcomments&post=427"}],"version-history":[{"count":19,"href":"https:\/\/www.wipmed.de\/index.php?rest_route=\/wp\/v2\/pages\/427\/revisions"}],"predecessor-version":[{"id":732,"href":"https:\/\/www.wipmed.de\/index.php?rest_route=\/wp\/v2\/pages\/427\/revisions\/732"}],"wp:attachment":[{"href":"https:\/\/www.wipmed.de\/index.php?rest_route=%2Fwp%2Fv2%2Fmedia&parent=427"}],"curies":[{"name":"wp","href":"https:\/\/api.w.org\/{rel}","templated":true}]}}