{"id":9,"date":"2020-07-25T16:14:14","date_gmt":"2020-07-25T14:14:14","guid":{"rendered":"http:\/\/www.wipmed.de\/?page_id=9"},"modified":"2021-06-04T07:28:46","modified_gmt":"2021-06-04T05:28:46","slug":"blog","status":"publish","type":"page","link":"https:\/\/www.wipmed.de\/?page_id=9","title":{"rendered":"News\/Blog"},"content":{"rendered":"\n<div class=\"wp-block-columns\">\n<div class=\"wp-block-column\" style=\"flex-basis:66.66%\">\n<h2>Einstieg in<\/h2>\n\n\n\n<p>die Maskenproduktion von medizinischen Einwegmasken und Mundschutz f\u00fcr den privaten Gebrauch. Am 27.07 f\u00fchrten wir intern den Probelauf unserer Produktionsanlagen durch. Diese M\u00f6glichkeit nutzen Nachrichtendienste wie die MDR, S\u00fcddeutsche und S\u00e4chsische SZ, um zu berichten.<\/p>\n\n\n\n<p><a href=\"https:\/\/www.wipmed.de\/?page_id=585\">Den ausf\u00fchrlichen Beitrag finden Sie hier<\/a><\/p>\n<\/div>\n\n\n\n<div class=\"wp-block-column is-vertically-aligned-top\" style=\"flex-basis:33.33%\"><\/div>\n<\/div>\n\n\n\n<hr class=\"wp-block-separator\"\/>\n\n\n\n<div class=\"wp-block-columns\">\n<div class=\"wp-block-column\" style=\"flex-basis:33.33%\">\n<div class=\"wp-block-image\"><figure class=\"alignright size-large is-resized\"><a href=\"https:\/\/www.wipmed.de\/?p=304\"><img loading=\"lazy\" src=\"https:\/\/www.wipmed.de\/wp-content\/uploads\/2020\/08\/Ohorn_Schutzmasken_039-3007-20-2000-gro\u00df-1-1024x682.jpg\" alt=\"\" class=\"wp-image-293\" width=\"278\" height=\"185\" srcset=\"https:\/\/www.wipmed.de\/wp-content\/uploads\/2020\/08\/Ohorn_Schutzmasken_039-3007-20-2000-gro\u00df-1-1024x682.jpg 1024w, https:\/\/www.wipmed.de\/wp-content\/uploads\/2020\/08\/Ohorn_Schutzmasken_039-3007-20-2000-gro\u00df-1-300x200.jpg 300w, https:\/\/www.wipmed.de\/wp-content\/uploads\/2020\/08\/Ohorn_Schutzmasken_039-3007-20-2000-gro\u00df-1-768x512.jpg 768w, https:\/\/www.wipmed.de\/wp-content\/uploads\/2020\/08\/Ohorn_Schutzmasken_039-3007-20-2000-gro\u00df-1-1536x1024.jpg 1536w, https:\/\/www.wipmed.de\/wp-content\/uploads\/2020\/08\/Ohorn_Schutzmasken_039-3007-20-2000-gro\u00df-1.jpg 2000w\" sizes=\"(max-width: 278px) 100vw, 278px\" \/><\/a><figcaption>Unsere Schmalweberei in Ohorn verbirgt die Vereinigung von Tradition und Innovation<\/figcaption><\/figure><\/div>\n<\/div>\n\n\n\n<div class=\"wp-block-column\" style=\"flex-basis:66.66%\">\n<h2>Tradition trifft Innovation<\/h2>\n\n\n\n<p>Im s\u00e4chsischen Ohorn haben wir die M\u00f6glichkeit genutzt unsere Hallen um eine Maskenproduktion zu erweitern. Zuvor wurde hier in Handarbeit nur Berufs- und Schutzbekleidung hergestellt. An diesem traditionellen Berufszweig wollen wir festhalten und durch Innovation auch den Bedarf an Einwegartikeln zum Personenschutz im deutschen Raum decken.<\/p>\n\n\n\n<p><a href=\"https:\/\/www.wipmed.de\/?page_id=593\">Den ausf\u00fchrlichen Beitrag finden Sie hier<\/a><\/p>\n<\/div>\n<\/div>\n\n\n\n<hr class=\"wp-block-separator\"\/>\n\n\n\n<h2>Zur\u00fcck zur Zukunft<\/h2>\n\n\n\n<div class=\"wp-block-columns\">\n<div class=\"wp-block-column\" style=\"flex-basis:66.66%\">\n<p>Wie unser Unternehmen zu den Themen Zukunft und Nachhaltigkeit der Wirtschafts- und Gesundheitssysteme als auch Schutz der Umwelt steht, k\u00f6nnen Sie dem folgenden Beitrag entnehmen. Hier geht es weiter.<\/p>\n\n\n\n<p><a href=\"https:\/\/www.wipmed.de\/?page_id=598\" data-type=\"URL\" data-id=\"https:\/\/www.wipmed.de\/?page_id=598\">Den ausf\u00fchrlichen Beitrag finden Sie hier<\/a><\/p>\n<\/div>\n\n\n\n<div class=\"wp-block-column\" style=\"flex-basis:33.33%\">\n<figure class=\"wp-block-image size-large\"><img loading=\"lazy\" width=\"1024\" height=\"678\" src=\"https:\/\/www.wipmed.de\/wp-content\/uploads\/2020\/08\/Ohorn_Schutzmasken_050-3007-20-1024x678.jpg\" alt=\"\" class=\"wp-image-289\" srcset=\"https:\/\/www.wipmed.de\/wp-content\/uploads\/2020\/08\/Ohorn_Schutzmasken_050-3007-20-1024x678.jpg 1024w, https:\/\/www.wipmed.de\/wp-content\/uploads\/2020\/08\/Ohorn_Schutzmasken_050-3007-20-300x199.jpg 300w, https:\/\/www.wipmed.de\/wp-content\/uploads\/2020\/08\/Ohorn_Schutzmasken_050-3007-20-768x509.jpg 768w, https:\/\/www.wipmed.de\/wp-content\/uploads\/2020\/08\/Ohorn_Schutzmasken_050-3007-20-1536x1017.jpg 1536w, https:\/\/www.wipmed.de\/wp-content\/uploads\/2020\/08\/Ohorn_Schutzmasken_050-3007-20-2048x1356.jpg 2048w\" sizes=\"(max-width: 767px) 89vw, (max-width: 1000px) 54vw, (max-width: 1071px) 543px, 580px\" \/><figcaption><em>Ausgangsband der Produktionsanlage und Eingang in eine neue Zukunft.<\/em><\/figcaption><\/figure>\n<\/div>\n<\/div>\n\n\n\n<hr class=\"wp-block-separator\"\/>\n\n\n\n<h2>Normalerweise&#8230;<\/h2>\n\n\n\n<p>Stellen wir Kleidung und Schutzausr\u00fcstung f\u00fcr den medizinischen Bereich her. Das ist nicht der einzige Bereich den wir mit Berufsbekleidung beliefern. Zu unserem Kunden geh\u00f6ren Unternehmen aus der Industrie und Milit\u00e4r. Wir stellen nicht nur f\u00fcr Gro\u00dfeinrichtungen und -unternehmen stellen wir her. Kleinere Einrichtungen verschiedener Arbeitsbranchen z\u00e4hlen wir ebenfalls zu unseren Kunden. Einen \u00dcberblick bieten Ihnen die Beitr\u00e4ge der MDR. <a href=\"https:\/\/www.wipmed.de\/?page_id=595\" data-type=\"URL\" data-id=\"https:\/\/www.wipmed.de\/?page_id=595\">Weitere Informationen finden Sie hier<\/a>.<\/p>\n\n\n\n<div style=\"height:40px\" aria-hidden=\"true\" class=\"wp-block-spacer\"><\/div>\n\n\n\n<hr class=\"wp-block-separator\"\/>\n\n\n\n<div style=\"height:41px\" aria-hidden=\"true\" class=\"wp-block-spacer\"><\/div>\n\n\n\n<div class=\"wp-block-columns\">\n<div class=\"wp-block-column\">\n<h2>Maskenproduktion<\/h2>\n\n\n\n<p>Weitere Informationen und Eindr\u00fccke zu der Maskenproduktion auf unserem Ohorner Standort finden Sie, wenn Sie auf den hier folgenden <a href=\"https:\/\/www.wipmed.de\/?page_id=162\" data-type=\"URL\" data-id=\"https:\/\/www.wipmed.de\/?page_id=162\">Link<\/a> klicken.<\/p>\n<\/div>\n\n\n\n<div class=\"wp-block-column\">\n<figure class=\"wp-block-image size-large\"><img loading=\"lazy\" width=\"1024\" height=\"683\" src=\"https:\/\/www.wipmed.de\/wp-content\/uploads\/2020\/08\/Ohorn_Schutzmasken_015-3007-20-1024x683.jpg\" alt=\"\" class=\"wp-image-321\" srcset=\"https:\/\/www.wipmed.de\/wp-content\/uploads\/2020\/08\/Ohorn_Schutzmasken_015-3007-20-1024x683.jpg 1024w, https:\/\/www.wipmed.de\/wp-content\/uploads\/2020\/08\/Ohorn_Schutzmasken_015-3007-20-300x200.jpg 300w, https:\/\/www.wipmed.de\/wp-content\/uploads\/2020\/08\/Ohorn_Schutzmasken_015-3007-20-768x512.jpg 768w, https:\/\/www.wipmed.de\/wp-content\/uploads\/2020\/08\/Ohorn_Schutzmasken_015-3007-20-1536x1024.jpg 1536w, https:\/\/www.wipmed.de\/wp-content\/uploads\/2020\/08\/Ohorn_Schutzmasken_015-3007-20-2048x1365.jpg 2048w\" sizes=\"(max-width: 767px) 89vw, (max-width: 1000px) 54vw, (max-width: 1071px) 543px, 580px\" \/><figcaption>Kartonage der Masken vom zust\u00e4ndigen Personal.<\/figcaption><\/figure>\n<\/div>\n<\/div>\n","protected":false},"excerpt":{"rendered":"<p>Einstieg in die Maskenproduktion von medizinischen Einwegmasken und Mundschutz f\u00fcr den privaten Gebrauch. Am 27.07 f\u00fchrten wir intern den Probelauf unserer Produktionsanlagen durch. Diese M\u00f6glichkeit nutzen Nachrichtendienste wie die MDR, S\u00fcddeutsche und S\u00e4chsische SZ, um zu berichten. Den ausf\u00fchrlichen Beitrag finden Sie hier Tradition trifft Innovation Im s\u00e4chsischen Ohorn haben wir die M\u00f6glichkeit genutzt unsere &hellip; <\/p>\n<p class=\"link-more\"><a href=\"https:\/\/www.wipmed.de\/?page_id=9\" class=\"more-link\"><span class=\"screen-reader-text\">\u201eNews\/Blog\u201c<\/span> weiterlesen<\/a><\/p>\n","protected":false},"author":1,"featured_media":0,"parent":0,"menu_order":0,"comment_status":"closed","ping_status":"closed","template":"","meta":[],"_links":{"self":[{"href":"https:\/\/www.wipmed.de\/index.php?rest_route=\/wp\/v2\/pages\/9"}],"collection":[{"href":"https:\/\/www.wipmed.de\/index.php?rest_route=\/wp\/v2\/pages"}],"about":[{"href":"https:\/\/www.wipmed.de\/index.php?rest_route=\/wp\/v2\/types\/page"}],"author":[{"embeddable":true,"href":"https:\/\/www.wipmed.de\/index.php?rest_route=\/wp\/v2\/users\/1"}],"replies":[{"embeddable":true,"href":"https:\/\/www.wipmed.de\/index.php?rest_route=%2Fwp%2Fv2%2Fcomments&post=9"}],"version-history":[{"count":25,"href":"https:\/\/www.wipmed.de\/index.php?rest_route=\/wp\/v2\/pages\/9\/revisions"}],"predecessor-version":[{"id":743,"href":"https:\/\/www.wipmed.de\/index.php?rest_route=\/wp\/v2\/pages\/9\/revisions\/743"}],"wp:attachment":[{"href":"https:\/\/www.wipmed.de\/index.php?rest_route=%2Fwp%2Fv2%2Fmedia&parent=9"}],"curies":[{"name":"wp","href":"https:\/\/api.w.org\/{rel}","templated":true}]}}